se
Suppose -12 = -4*z - 24. Let p(k) = -20*k**3 + 3*k + 2. Is p(z) composite?
True
Is (24/6)/(44/73007) prime?
True
Suppose -4*t + 2*g = -3*g - 13031, -5*g = -2*t + 6523. Suppose -w = 4*w + 3*c - t, -w = -c - 646. Is w a composite number?
True
Let u be (-53)/11 + 10/(-55). Let p be (u + 4)/((-1)/3). Suppose -2*a - 1938 = -3*k + 3*a, 0 = -p*k - 4*a + 1911. Is k prime?
True
Let b be ((-1402)/6)/(12/36). Let z be 14 + b + 2*-1. Let s = -78 - z. Is s composite?
True
Suppose 3*k - 41 + 356 = 0. Let p(s) = 93*s + 5. Let b be p(-5). Let t = k - b. Is t a composite number?
True
Let n = 8660 + -4125. Is n a prime number?
False
Is (-1 - -6) + 4545/5 prime?
False
Suppose 3*r = -4*r + 4417. Is r a composite number?
False
Let t(g) = 37*g**2 - 7 + 5 + 5*g - 6*g. Is t(4) prime?
False
Suppose r + 16 = 5*g, -5*r + 11 + 9 = 0. Let d(q) = -q + 1. Let h be d(-2). Suppose -186 = -b + 3*j - j, h*b - g*j - 550 = 0. Is b a prime number?
False
Let q be 3/(-5) + 5063/5. Let s = -52 + q. Suppose v - s = -3*j, j - 334 = -6*v + v. Is j a composite number?
True
Let p(y) = 114*y**2 - 99*y - 3. Is p(18) composite?
True
Let f(d) = 3*d - 7. Let w be f(3). Let j be (203/14)/(w/4). Is (-3)/(-1) - -16*j prime?
True
Let l(z) = -z + 116. Let c(v) = -v**2 - v + 2. Let n be c(-2). Let i be l(n). Suppose -1168 = -4*d + i. Is d prime?
False
Let q = 1 - -6. Suppose -q = -2*o + 3. Suppose 0*y - 194 = -y + 3*m, 1003 = o*y - 4*m. Is y a prime number?
False
Let j = 8272 - 5534. Suppose -5*s + j = -3*i, -3*s - i = -4*i - 1644. Let c = -324 + s. Is c prime?
True
Suppose 0 = 3*j - 4*d - 32599, 2848 = -j - 5*d + 13746. Is j a prime number?
False
Let w(v) = 6231*v + 13. Is w(4) a prime number?
False
Suppose -2*w = g - 1686 + 549, 5661 = 5*g + 2*w. Let x = -458 + g. Is x composite?
False
Is (477516/(-36) + -11)/((-2)/3) prime?
True
Suppose 0 = 4*r - 2*j + 3474 + 204, 0 = r - 3*j + 912. Is (-11 - 4)*(r/9 - 0) a composite number?
True
Let j(l) = 6*l**2 + 11*l + 16. Is j(-19) composite?
False
Let z = 0 - -1. Let m be (z/(-4))/(3/(-60)). Suppose -2*x + m*n + 87 = 0, -7*x + 3*x - 5*n + 219 = 0. Is x prime?
False
Suppose 53*b - 272337 = 14*b. Is b composite?
False
Let j(c) = -c**3 - 5*c**2 + 20*c + 22. Let a be j(-16). Is (4/(-16)*6)/((-3)/a) a composite number?
False
Let u(x) = -x. Let j(h) = 4*h**2 - 4*h - 12. Let m(s) = j(s) - 5*u(s). Is m(9) a composite number?
True
Let w(j) be the first derivative of 10*j**3 + 9*j**2/2 - 8*j - 1. Is w(5) composite?
False
Let q = 634 - -895. Is q a composite number?
True
Suppose 4*z = 10*z - 12. Suppose -z*b + 118 = c - b, 0 = -4*c - b + 463. Is c a composite number?
True
Let v(f) = f**3 + 3*f**2 - 4*f + 3. Let d be v(-4). Suppose -9 = -d*q + 9. Suppose q*z - 710 = -218. Is z composite?
True
Let q = -6 - 3. Let d = q - -16. Suppose 5*v + 3*s = 626, 1 = 2*s + d. Is v composite?
False
Let v be 4 - 2 - 2*-725. Suppose 3*m + 479 = 4*m + 2*c, -v = -3*m - c. Is m prime?
False
Let l = 86 - 84. Let j(p) = 27*p**3 - p - 3. Is j(l) prime?
True
Suppose 20*n = -3*r + 18*n + 3191, 0 = -5*n + 20. Is r a prime number?
True
Let z(c) = -c**3 + 27*c**2 + 45*c + 9. Is z(28) a prime number?
False
Suppose 0*u - 2*u + 8 = 0. Let o be u/16 - (-551)/4. Let l = o - 5. Is l prime?
False
Let b = 0 - 0. Let x be (-33)/22*(-2 - 200/6). Suppose b*j - j = -x. Is j a composite number?
False
Suppose -t = 6*t - 7693. Is t prime?
False
Suppose 30965 = 36*h - 25*h. Is h prime?
False
Suppose 2*s = -s + 204. Let p(v) = 7*v**3 - v**2 - 4*v + 1. Let u be p(2). Let j = s - u. Is j a prime number?
True
Let y be 2/(-8)*6*6. Let l be ((-656)/(-6))/(y/(-27)). Suppose 6*f - l = 410. Is f a prime number?
False
Let x(s) = 242*s**3 + 5*s**2 - 2*s + 11. Is x(4) prime?
False
Let x = 50 - 229. Let r = x - -394. Is r prime?
False
Suppose 0 = -5*g + 3*g + 102. Is g + (4 + 0)/(-2) a prime number?
False
Suppose 0*f + 69921 = 2*j + f, -2*j - 3*f + 69919 = 0. Is j prime?
True
Let r = 119 - 51. Suppose r*j - 73*j + 1985 = 0. Is j a prime number?
True
Suppose j - 194 - 277 = 0. Suppose k = 4*k - j. Is k a prime number?
True
Suppose -549452 - 813848 = -20*o. Is o a prime number?
False
Let z = 59 - 53. Suppose -c - z*c = -2639. Is c a composite number?
True
Let r(q) = q**2 + 10*q - 10. Let u be r(-14). Suppose 15 = -6*l + l + m, -4*m + 26 = -3*l. Is -1*u*11/l a prime number?
False
Suppose -4*t = 4*o + 24, -3*t = 3*o - 2*o + 10. Let y be (6/(-3) + 1)*o. Suppose -y*q = 2*m + 124 - 362, -2*m = -4*q - 278. Is m composite?
True
Let x(b) = 590*b**2 - b - 2. Let a(y) = y**3 + 6*y**2 - y - 3. Let c be a(-6). Let u be x(c). Suppose 8*z = 3*z + u. Is z composite?
False
Suppose -3*b = -2 - 7. Suppose b = -5*i + 28. Suppose 4*r + 2*l - 1656 = -l, 3*r - 1213 = i*l. Is r a prime number?
False
Suppose 0 = -2*a - 4*x + 24, 4*x = 2*x. Is a/18 - ((-10160)/6 + 1) a prime number?
True
Let x(g) be the first derivative of g**4/4 - 2*g**3 + 7*g**2/2 + g + 4. Let j be x(5). Let c = j + 0. Is c a composite number?
False
Let h(l) be the third derivative of -1/6*l**3 + 1/10*l**5 + 0*l - 9*l**2 + 0*l**4 - 1/60*l**6 + 0. Is h(-4) a composite number?
False
Suppose -159 = -3*w + 30. Suppose z = -4*c + 732, c + 7*z = 4*z + 194. Let y = c - w. Is y a composite number?
True
Let p = 49 + 217. Suppose 500 = m - p. Is m/10 - (-6)/15 a prime number?
False
Let d be (2/(-5))/(8/(-80)). Suppose -d*l + 1540 + 1812 = 0. Is l a composite number?
True
Is 2876/3*(-27)/(-36) a composite number?
False
Suppose -28*p + 72870 + 99022 = 0. Is p a prime number?
False
Is ((-4)/2)/((-324)/1841778) a composite number?
False
Suppose 0 = -4*p - y + 43, 3*p - 2*y - 27 = -y. Let r(h) = h**3 - 11*h**2 + 11*h - 6. Let b be r(p). Suppose 0 = b*l - 607 - 3853. Is l a composite number?
True
Let l(v) = -v**3 - 11*v**2 - 9*v + 14. Let r be l(-10). Suppose -j = r*j. Suppose -5*w - 5*z + 870 = -j*w, 4*z = 4*w - 656. Is w a prime number?
False
Is ((-2)/(-8))/((-9)/(-53964)) prime?
True
Let l(i) = i + 9. Let g be l(-5). Let k(n) = -2*n**2 + 9*n + 1. Let q be k(g). Suppose 0 = -f - q*f + 1002. Is f a prime number?
True
Let o(j) = -j**3 - 6*j**2 + 5*j - 12. Let i be 28/(-6)*3/2. Let t be o(i). Suppose 10 = -t*h, -h = -0*m - 4*m + 1681. Is m a composite number?
False
Suppose -40 = -10*h + 2*h. Suppose 662 = h*i - 4*n, -2*i - 2*i + 540 = 2*n. Is i a composite number?
True
Let a(v) = v + 11. Let z be a(-5). Let x be 53 - ((-6)/33 - (-42)/(-11)). Suppose -66 = -4*r + 2*u, -x - z = -4*r + u. Is r composite?
True
Let z(x) = -217*x - 3. Let m be z(-1). Is m - 1 - (-1 - -1) prime?
False
Let n = -23312 + 43491. Is n composite?
True
Let q(j) = -j**3 - j**2 - j - 8. Let p = -76 + 71. Is q(p) a prime number?
True
Suppose 161 = -2*z + 963. Suppose 889 = 4*l + 5*q - 4*q, 2*l - 440 = 4*q. Let w = z - l. Is w a composite number?
False
Let s(u) = -u**3 - 12*u**2 - 11*u - 19. Let m = 99 - 112. Is s(m) prime?
True
Let s(i) = -i**3 - 19*i**2 + 41*i - 13. Let a be s(-21). Is (-4)/(-2)*1324/a prime?
True
Let n = -27 + 32. Let d(p) = 57*p + 6. Is d(n) prime?
False
Is 96975/12 + (-37)/148 composite?
False
Let j be 19 + 0/1 + 0. Let f = j + 106. Let g = 496 - f. Is g composite?
True
Let i(k) = k - 6*k + 0*k + 10 + 100*k**2 + k. Is i(4) a prime number?
False
Suppose 0*c - 2*c + z + 27187 = 0, 0 = -5*c - 4*z + 67935. Is c prime?
True
Let i be 337 - ((-4 - -1) + 7). Let w = i + -110. Is w prime?
True
Let q = -16343 + 25834. Is q prime?
True
Let a(i) be the second derivative of 1/2*i**2 - 3*i**3 + 2*i + 0. Is a(-1) a composite number?
False
Let y be -5*5/2*244/(-2). Is (-6)/((-30)/y)*(1 - 0) a composite number?
True
Let q(d) = d**2 - 13*d + 32. Let m be q(10). Suppose m*l - 1139 = -7*g + 2*g, -5 = -g. Is l a composite number?
False
Let c(d) = -d**3 - 9*d**2 + 30*d + 97. Is c(-22) a prime number?
False
Let k be 4/10 + 24/15. Suppose -184 = k*m - 4*m. Is m/(-3 - -3 - -2) composite?
True
Suppose -4*t = 4749 - 17713. Is t prime?
False
Let b(s) be the second derivative of -5*s**5/4 - 5*s**4/4 - 2*s**3/3 + 17*s**2/2 + s + 2. Is b(-5) a prime number?
False
Let h(d) = 218*d**2 - 6*d - 15. Is h(-2) a composite number?
True
Is (17/((-306)/(-84)))/((-4)/(-474)) a composite number?
True
Let y(q) = 1 + 16 + 0*q + 3*q + 5*q + 34*q**2. Is y(-6) a prime number?
True
Suppose 3*i + 1 = 7. Suppose i*v - 3576 = 4*v. Is v/8*4/(-6) a composit